{"id":47,"date":"2017-07-06T15:58:02","date_gmt":"2017-07-06T15:58:02","guid":{"rendered":"http:\/\/www.asometal.com\/aso\/?page_id=47"},"modified":"2017-07-06T16:56:06","modified_gmt":"2017-07-06T16:56:06","slug":"servicios","status":"publish","type":"page","link":"http:\/\/www.asometal.com\/aso\/servicios\/","title":{"rendered":"Servicios"},"content":{"rendered":"<div id=\"pl-47\"  class=\"panel-layout\" ><div id=\"pg-47-0\"  class=\"panel-grid panel-no-style\" ><div id=\"pgc-47-0-0\"  class=\"panel-grid-cell\" ><div id=\"panel-47-0-0-0\" class=\"so-panel widget widget_text panel-first-child panel-last-child\" data-index=\"0\" ><div class=\"panel-widget-style panel-widget-style-for-47-0-0-0\" ><h3 class=\"widget-title\">Servicios<\/h3>\t\t\t<div class=\"textwidget\"><p>Somos una asociaci\u00f3n orientada a promover conocimientos t\u00e9cnicos, investigaci\u00f3n y desarrollo tecnol\u00f3gico, que apoye la eficiencia productiva a trav\u00e9s de una interacci\u00f3n coordinada con entes p\u00fablicos y privados, nacionales e internacionales.<\/p>\n<p>Desarrollamos pol\u00edticas, programas y servicios que generen oportunidades de \u00e9xito a nuestros asociados, en armon\u00eda con el ambiente y en beneficio de Costa Rica.<\/p>\n<p>\u00a0<\/p>\n<p>Para consultas no dude en enviarnos una consulta al correo\u00a0<a title=\"cmontenegro@cicr.com\" href=\"mailto:cmontenegro@cicr.com\">cmontenegro@cicr.com<\/a><\/p>\n<\/div>\n\t\t<\/div><\/div><\/div><\/div><\/div>","protected":false},"excerpt":{"rendered":"<p>Somos una asociaci\u00f3n orientada a promover conocimientos t\u00e9cnicos, investigaci\u00f3n y desarrollo tecnol\u00f3gico, que apoye la eficiencia productiva a trav\u00e9s de una interacci\u00f3n coordinada con entes p\u00fablicos y privados, nacionales e internacionales. Desarrollamos pol\u00edticas, programas y servicios que generen oportunidades de \u00e9xito a nuestros asociados, en armon\u00eda con el ambiente y en beneficio de Costa Rica. [&hellip;]<\/p>\n","protected":false},"author":1,"featured_media":0,"parent":0,"menu_order":0,"comment_status":"closed","ping_status":"closed","template":"","meta":[],"_links":{"self":[{"href":"http:\/\/www.asometal.com\/aso\/wp-json\/wp\/v2\/pages\/47"}],"collection":[{"href":"http:\/\/www.asometal.com\/aso\/wp-json\/wp\/v2\/pages"}],"about":[{"href":"http:\/\/www.asometal.com\/aso\/wp-json\/wp\/v2\/types\/page"}],"author":[{"embeddable":true,"href":"http:\/\/www.asometal.com\/aso\/wp-json\/wp\/v2\/users\/1"}],"replies":[{"embeddable":true,"href":"http:\/\/www.asometal.com\/aso\/wp-json\/wp\/v2\/comments?post=47"}],"version-history":[{"count":6,"href":"http:\/\/www.asometal.com\/aso\/wp-json\/wp\/v2\/pages\/47\/revisions"}],"predecessor-version":[{"id":84,"href":"http:\/\/www.asometal.com\/aso\/wp-json\/wp\/v2\/pages\/47\/revisions\/84"}],"wp:attachment":[{"href":"http:\/\/www.asometal.com\/aso\/wp-json\/wp\/v2\/media?parent=47"}],"curies":[{"name":"wp","href":"https:\/\/api.w.org\/{rel}","templated":true}]}}